))/(x/10)?
2
Let j(f) = -f**2 + f - 3. Let m(p) = p**2 + 44*p - 194. Let i(z) = -6*j(z) + m(z). What is the units digit of i(6)?
4
Let k be ((-2760)/(-480))/(233/232 + -1). Let u = -688 + k. What is the tens digit of u?
4
Let p = 94 - 52. Let u = 453 - 448. Suppose -4*n + 74 + 10 = u*w, -2*n = 5*w - p. What is the units digit of n?
1
Let x = 9292 - 4157. What is the units digit of x?
5
Let u be (-2 + 8/3)/(1/(-18)). Let x = u - -11. What is the tens digit of (2 + -1)*(-100)/x?
0
What is the ten thousands digit of (-1796832)/12*(-4)/16?
3
Let g = -331 + 307. Let p(h) = -24*h + 154. What is the hundreds digit of p(g)?
7
What is the tens digit of 143/(-44)*(-30 + -12238)?
7
Let x = 7776 + -2319. What is the hundreds digit of x?
4
Let i be (-11)/((-11)/(-102))*1. Let o = -194 - i. Let n = 268 + o. What is the hundreds digit of n?
1
Let p(h) = 148*h**3 - h**2 + 227*h - 931. What is the thousands digit of p(4)?
9
Let m be (-1 + -1)*12351/138. Let w = 246 + m. What is the units digit of w?
7
Suppose 0 = 2*i - 5*f - 176, i + 2*f - 58 = -3*f. Suppose -82*k + i*k + 884 = 0. What is the units digit of k?
1
Suppose 11044 = 341*m - 85*m - 1756. What is the units digit of m?
0
Suppose 861 + 11595 - 50922 = -6*a. What is the units digit of a?
1
Suppose 5*a = -5 + 30. Suppose -a*m + 4*m = 3*z - 7, 0 = 3*z + 4*m - 10. What is the tens digit of 91 - z/4*-6?
9
Let a(s) = -8*s**3 - 9*s**2 - 19*s + 6. Let k be a(-3). Suppose 3*t - 624 = -t. Suppose t = 5*f + y - k, -y = 4*f - 284. What is the tens digit of f?
7
Let c = -67 + 71. Suppose -2*s + 55 + 94 = p, -c*s - 12 = 0. Suppose 0 = h - 0*j + j - p, -j = -3*h + 457. What is the units digit of h?
3
What is the units digit of (-8)/(-68) - (9371190/(-85))/6?
5
Let z(s) = -2*s**3 - 85*s**2 - 92*s + 29. Let t be z(-41). Let g = t + 2593. What is the tens digit of g?
5
Suppose -870*i + 67441 = -859*i. What is the units digit of i?
1
Let t be (-3)/3 - (10 + 612). Let m = t - -908. What is the tens digit of m?
8
Let k = -2244 - -8914. What is the hundreds digit of k?
6
Let h(d) = 2*d - 43. Let v be h(23). Suppose v*o - 122 - 151 = 0. Suppose y + 22 = o. What is the units digit of y?
9
Suppose -2*w + 4*c + 15516 = -99860, 5*w = -c + 288528. What is the ten thousands digit of w?
5
Let n(r) = 10*r**2 + 402*r - 29. What is the thousands digit of n(23)?
4
Let k(a) = -47*a + 69. Let i(j) = 24*j - 34. Let c(s) = -5*i(s) - 2*k(s). What is the units digit of c(-11)?
8
Suppose -26*r + 143 + 247 = 0. Let d = r + 211. What is the units digit of d?
6
Suppose 129709 = 23*m - 407548. What is the ten thousands digit of m?
2
Let j be ((3/(-2))/((-4)/1784))/1. Let q = -304 + j. What is the units digit of q?
5
Suppose -239*j + 114*j = -3735625. What is the thousands digit of j?
9
Let p(a) = -30*a - 13. Let w be -14 + (11 - (8 + -2)). What is the hundreds digit of p(w)?
2
Let y(k) = 128*k**2 - 8*k. Let z(b) = -b**2 - 17*b - 2. Let u be z(-17). What is the hundreds digit of y(u)?
5
Let w be 1338/30 + 4/10. Suppose -63*q = -47*q + 16. Let y = w - q. What is the tens digit of y?
4
Suppose 120*m - 104*m - 276368 = 0. What is the units digit of m?
3
What is the hundreds digit of (-58)/(-6)*((-8)/20 + (-14598)/(-45))?
1
Let i be (11 + (-161)/14)/((-2)/4496). Let t = i - 259. What is the units digit of t?
5
Let q(l) = l**3 - 34*l**2 - 49*l + 35. Let y(r) = -16*r - 172. Let o be y(-13). What is the units digit of q(o)?
3
What is the hundreds digit of (-288)/27*(5375/(-20) - 8)?
9
What is the hundreds digit of 2166*(4 + (9/(-2))/3)?
4
Let p be (3 + 9/(-5))*(-10)/(-3). Suppose 4*s + 938 = 5*h, -h + 289 = -p*s + 95. What is the units digit of h?
6
Let j(k) = 2*k**2 + 2*k - 2. Let m be j(2). Suppose 4*q + q - m = 0. Suppose 236 = 3*s - q*v - 276, 870 = 5*s + 5*v. What is the tens digit of s?
7
Let h = 704 + -299. Suppose -2*b - 2*b + 296 = 4*q, -2*q - h = -5*b. Let d = 164 - b. What is the units digit of d?
5
Let g be (40/(-25))/(2/5). Let v be (-11)/9 - g/18. What is the tens digit of 2*((924/(-8))/(-3) - v)?
7
Suppose 286 = -4*s + 1258. Let o = 833 - s. What is the tens digit of o?
9
Let m(o) = o. Let b(g) = -g**2 - 12*g + 4. Let w(r) = b(r) + 2*m(r). Let a be w(-10). Suppose 55 = i - a*l - 53, 2*i - 216 = 4*l. What is the units digit of i?
8
What is the units digit of 4/(-38) + (5566092/399 - -12)?
2
Let x = -10292 + 24989. What is the hundreds digit of x?
6
Suppose 451374 + 194027 - 111206 = 81*i. What is the tens digit of i?
9
Suppose 5*d - 3*r - 4*r - 110 = 0, -5*d - 5*r = -50. Suppose -4*h = -2*h + 8. What is the units digit of 152/(-10)*h/(24/d)?
8
Let t = 228 + -238. Let x(l) = -4*l**2 - 25*l - 33. Let c(w) = -10*w**2 - 62*w - 82. Let q(y) = -5*c(y) + 12*x(y). What is the units digit of q(t)?
4
Suppose -5*w - 2030 = 5*w. Let n = 535 + w. What is the tens digit of n?
3
Let w be (-8)/14 + ((-1584)/(-28) - 2). Let a(u) = -14*u - 17*u + 19 + 26*u**2 + u**3 + w*u. What is the units digit of a(-25)?
9
Suppose 387546 = 362*o - 13032880. What is the ten thousands digit of o?
3
Let o = 9598 + 3119. What is the hundreds digit of o?
7
What is the hundreds digit of 11 + -15 - (-13003 - 4/2)?
0
Let z = 16 - 23. Suppose -5*n + 5 - 25 = 0. What is the units digit of n*((1 - z)/(-4) - 1)?
2
Let u(p) = 2*p**3 + 14*p**2 - 9*p - 22. Let o be u(-10). Let z = o - -1530. What is the tens digit of z?
9
Let f(c) = -4*c**2 - 2*c + 2. Let a be f(2). Let k = 14052 - 14058. What is the tens digit of a/27 + (-112)/k?
1
Let a(z) be the first derivative of -137*z**2/2 - 32*z + 54. What is the hundreds digit of a(-6)?
7
Suppose 14*n - 9749 = -89. What is the units digit of n?
0
Let f(s) = -s**3 + 15*s**2 + 93*s - 1. What is the units digit of f(14)?
7
Let s = -3293 - -6184. Suppose 0 = -7*d + 10 - 24. What is the tens digit of s/21 + d/(-6)?
3
Let w = 3357 + -2937. What is the tens digit of w?
2
Let i(q) = -41*q - 6. Suppose -25 + 1 = 4*s. What is the hundreds digit of i(s)?
2
Suppose 0 = -48*b + 59*b - 22066. Suppose b = -60*q + 77*q. What is the units digit of q?
8
Let o(p) be the second derivative of 34*p**3/3 - p**2/2 + 69*p. What is the hundreds digit of o(4)?
2
Suppose -30*d + 7279 + 402951 - 58690 = 0. What is the units digit of d?
8
Let w(f) = 51*f**3 - f**2 - 2*f - 1. Let p be w(-1). Let y = p - 170. Let h = -125 - y. What is the units digit of h?
6
Let w be (-64614)/(-90) + 2/30. Suppose w = g + 177. What is the units digit of g?
1
Suppose -g + 3016 = 2*g - 5*p, -2032 = -2*g - 2*p. What is the tens digit of g?
1
Suppose -4*d - 3*c = 12, -c + 2*c = 3*d - 4. Let o(z) = -10*z**2 - 2*z + 7*z + 2*z + z**3 + d*z. What is the units digit of o(10)?
0
Let z(t) = t**2 - 2*t - 36. Let c be z(-19). Suppose c = -6*a + 1647. Let l = -81 + a. What is the units digit of l?
3
Let u(x) = x**3 - 3*x**2 - 9*x + 27. Suppose 0 = -11*i + 17 + 49. What is the units digit of u(i)?
1
Let c be -3*(-4)/(-30) + (-336)/(-15). What is the hundreds digit of (-684)/(-132) + (-4)/c - -196?
2
Let z = 71 + 30. Suppose -5*p + 1633 = m - z, p + 3*m = 344. What is the units digit of p?
7
Suppose -5*p + 2*i - 94 = 133, -2*i - 196 = 4*p. Let c be (3663/(-99))/(2/2). Let k = c - p. What is the tens digit of k?
1
Suppose -48*n + 44*n = 432. Let u = 139 - n. Let g = -93 + u. What is the hundreds digit of g?
1
Let n(m) be the second derivative of 1/12*m**4 - 3/2*m**2 + 1/2*m**3 - 11*m + 0. What is the units digit of n(-5)?
7
Suppose 2*s = 3*s + s. Suppose s = -4*m + 20, 0*m = 5*l - 2*m - 1560. What is the tens digit of l?
1
Suppose -p - 82453 = -4*g, 40*g - 4*p + 103061 = 45*g. What is the ten thousands digit of g?
2
Suppose -22*a - 1151 - 8507 = 0. Let b = -60 - a. What is the tens digit of b?
7
Suppose -5177*d + 5158*d + 167770 = 0. What is the thousands digit of d?
8
Let h = 495 + 687. Let k = 1739 - h. What is the tens digit of k?
5
Let k = 124 + -115. Suppose 3*j + k = -l, 3*l - 5*j + 17 = 60. What is the units digit of -50*((-1)/3 + (-7)/l)?
5
Let o = -268 - -587. Let c = -226 + o. What is the units digit of c?
3
Let f be (2790/24 + 0)/(3/72). Suppose -4*q + 13*q - f = 0. What is the tens digit of q?
1
Suppose -5*c + 276041 = -l + 53175, -c + 2*l = -44575. What is the thousands digit of c?
4
Let d(y) = 3*y**3 - 8*y**2 + 3*y - 11. Suppose 18 = 3*f - 2*a + 4, -2*a + 10 = f. What is the hundreds digit 